ts digit of q?
8
Suppose -p = 3*t + 3 + 2, -5*t - p - 5 = 0. Suppose 0 = 4*b - t*b - 16. What is the tens digit of (-1738)/(-33) - b/6?
5
Let f(m) = 1 + 6*m**2 + 6*m**2 + m - 3*m**2. Let z(c) = -c**3 + c**2 - 1. Let y be z(1). What is the units digit of f(y)?
9
Let c = 12 + -10. Suppose -4 = c*z + 42. Let r = 6 - z. What is the tens digit of r?
2
Let c = -2 + -30. Let s = c + 96. What is the units digit of s?
4
Let s = 45 + -10. Let q = s + 16. What is the tens digit of q?
5
Let o(n) = -2*n + 20. Let f be o(7). Suppose -f*b + 640 = 238. What is the tens digit of b?
6
Let t = -1 + 1. Suppose 8*w - 9*w + 102 = t. What is the hundreds digit of w?
1
Suppose -4*o + 90 = 3*q - 12, 3*o - 29 = -q. Suppose 10 = -2*n + q. What is the units digit of n?
4
Let s = -142 + 146. Let m(t) = t**3 + 7*t**2 - 7*t + 5. What is the units digit of m(s)?
3
Let f(h) be the first derivative of h**3/3 + 5*h**2/2 + 12*h - 55. What is the tens digit of f(-6)?
1
Suppose 0 = 2*b - 6*b - q + 175, -5*q - 181 = -4*b. Suppose -2*c - c = 96. Let i = c + b. What is the tens digit of i?
1
Let s(t) = -4*t**2 - 33*t + 49. Let o(i) = -4 + i**2 - 12 + 9 + 8*i - 5. Let n(z) = 9*o(z) + 2*s(z). What is the units digit of n(-8)?
6
Let n(q) be the first derivative of -q**3/3 + 76*q + 1. What is the units digit of n(0)?
6
Let v(i) = 583*i**2 - 53*i - 1. What is the hundreds digit of v(-2)?
4
Let d be 16/(-40) + (-233)/5. Let k = 55 + d. What is the units digit of k?
8
Let q = 7 + -9. Let s be q/6 - (-684)/27. Let f = s - 11. What is the units digit of f?
4
Suppose -9 = 4*p - 0*p - 3*v, 2*v + 10 = 0. What is the tens digit of 2/(-6) - 332/p?
5
Suppose -3*q = 2*x - 7, -q + x = 4*x. Suppose 0 = 5*t - 25, -q*t + 22 = 4*p - t. Suppose 0 = p*l - 20 - 55. What is the units digit of l?
5
Suppose 121*t = 115*t + 4284. What is the tens digit of t?
1
Suppose -4*t = -0*t. Suppose 3 + t = k. Let v(z) = z**2 - 1. What is the units digit of v(k)?
8
Let x(u) = 2*u**3 - u - 1. Let j be x(-1). What is the hundreds digit of (-1 - j)*(-1)/(-1) - -126?
1
Suppose 4*p = 5*t - 409, 2*t - 410 = -3*t + 5*p. Let h = t + -33. Suppose b - 4*b = -h. What is the units digit of b?
6
Suppose -222*y = -230*y + 16304. What is the hundreds digit of y?
0
Let l = -1 - 1. Let w = l + -2. Let i(a) = -4*a + 5. What is the tens digit of i(w)?
2
Let s = 15 + -7. What is the hundreds digit of 3609/36 + ((-10)/s)/5?
1
Suppose 11*z = 6*z - 5*u + 6465, -u = 2*z - 2582. What is the thousands digit of z?
1
Suppose -5*m + 5*a = -1260, 4*a - 1372 = -4*m - 364. Suppose -5 = -2*o + 3*n + 2*n, 4*o + 2*n + 2 = 0. Suppose 4*i - 8*i + m = o. What is the tens digit of i?
6
Let h be (8/3)/4*255/34. Suppose -4*i + 2*j - 4*j = -542, 0 = -h*i + 5*j + 685. What is the units digit of i?
6
Suppose -29 - 27 = 2*a. Let b be (-7)/(a/(-32)) + -2. What is the units digit of 2/b - 1716/(-55)?
1
Suppose 2*k - 4 = 3*o + 3, -5*k = 3*o - 49. Suppose 2*j - r - 534 = 0, -267 = -k*j + 7*j - 5*r. What is the units digit of j?
7
Let v(d) = 3*d**2 - 4*d + 2. Let p be v(2). Let t be (-14)/p - (-14)/(-21). What is the units digit of (-1 - t)*(3 + 11)?
8
Suppose -2*h = -4*r - 5056, 5*h - 7588 = 2*h + 4*r. What is the thousands digit of h?
2
Suppose -238 = 27*t - 29*t. What is the tens digit of t?
1
Suppose 17*x = 171 + 662. What is the tens digit of x?
4
Suppose -2*z = -3*u + z - 381, -3*z - 480 = 4*u. What is the tens digit of 7/((-7)/u) + -2?
2
Let j be (-2 + 7)*(2 - 1). What is the tens digit of (81/(-5))/((-1)/j)?
8
Let l = 1780 - 1604. What is the hundreds digit of l?
1
Let q = -136 - -128. What is the units digit of (3 - 1642/q) + (-2)/8?
8
Suppose -8*s + n + 1697 = -5*s, -5*n + 1703 = 3*s. What is the hundreds digit of s?
5
Let q(n) = 284*n + 203. What is the units digit of q(8)?
5
Let q = -77 + 138. Let s = q + -15. What is the tens digit of s?
4
Let v(k) be the third derivative of k**5/60 + 5*k**4/24 + 6*k**2. Let x be v(4). What is the units digit of -1 + x + -9 + 9?
5
Suppose 1 = -b + 4*u, 3*b - 2*u + 5*u = 27. Suppose -b*t + 2*t + 60 = 0. What is the units digit of t?
2
Let m(b) = -b**2 - 6*b - 3. Let k be m(-2). Let j(a) = -k*a + 2 + a - 3. What is the units digit of j(-2)?
7
Suppose 0 = 3*q - 6*q - 90. Let s = 10 + q. What is the units digit of (-174)/(-15) + (-8)/s?
2
What is the thousands digit of 1032/86*(0 + (-191)/(-2))?
1
Let p = -12 + 15. Suppose p*q + 20 = -2*q, 0 = i - q - 39. What is the units digit of (6 - 5)*(0 + i)?
5
Let i = -16 + 20. Suppose 0 = -i*t + 3*t. Suppose f - 6 - 7 = t. What is the units digit of f?
3
Suppose 3*r = -r + 256. What is the units digit of r - (-3 + 8/4)?
5
Suppose 3034 = -5*v + 5*p + 9544, 1306 = v - 3*p. What is the thousands digit of v?
1
Suppose 0 = 4*o - 3740 - 5556. What is the units digit of o?
4
Suppose -55 = 5*n - b, 7*b + 1 = 2*n + 2*b. Suppose -56*r = -60*r + 212. Let s = r + n. What is the tens digit of s?
4
Let f = 9 - 26. Let r = 30 + f. Suppose z - 5*c + r = 31, -4*z = -2*c - 72. What is the tens digit of z?
1
Suppose -3*c = -0*t + 2*t - 622, -2*c + 1228 = 4*t. What is the units digit of t?
5
Let r(v) = 7*v - 6 - 8*v + 0*v + v**2. Let n be r(4). What is the tens digit of -5*n/(-15) + 34?
3
Let t(d) = 66*d**2 + 2*d + 4. Let j = 21 + -19. What is the units digit of t(j)?
2
Suppose -2*z - 43 = 87. Let q = z - -112. What is the units digit of q?
7
Suppose 8*n + 518 = 1294. Let d = 195 - n. What is the units digit of d?
8
Let q(i) = -i - 9. Let j(o) = -2*o - 13. Let x(b) = 5*j(b) - 7*q(b). What is the tens digit of x(-9)?
2
Let g be 11 + -5 - (-1 - -5). Suppose 600 = -g*t + 6*t. What is the hundreds digit of t?
1
Suppose 2 = 5*k - 0*s - 4*s, 3*s = 5*k - 4. Suppose -20 - 16 = 4*b + 5*a, 0 = -4*b - k*a - 36. What is the units digit of (-318)/b - (-2)/(-6)?
5
Suppose -7*s = 8*s - 2*s. Suppose 20*l - 18*l - 36 = s. What is the units digit of l?
8
Suppose 178 = 7*t - 32. Let o be (1 - 0)/(4/12). Suppose o*l = -2*l + t. What is the units digit of l?
6
Let w(g) = -4*g - 1. Let t be (-3)/(-2)*(-8)/12. Let s be w(t). Suppose s*a + 19 = 4*a. What is the tens digit of a?
1
Let t(d) = 16*d**3 + d**2 + 6*d - 10. What is the tens digit of t(3)?
4
Let s be 37 + -1*(-1 + 5). Let l(d) = 2*d + 2. Let k be l(7). Let h = s - k. What is the units digit of h?
7
Suppose 0 = -2*f, f - 2*f - 35 = -5*w. Suppose 0 = 2*u - 11 - w. Let l = u - -7. What is the units digit of l?
6
Let b = 787 - 304. What is the units digit of b?
3
Suppose -2*c + 1699 = c + 4*v, 2*c - 1126 = -4*v. What is the tens digit of (-1)/((-5)/(-3 + c))?
1
Let x(d) = 10*d**2 + 10*d - 5. Let l be x(5). Suppose 3*j + 2*a + 98 = l, 3*j - a - 194 = 0. What is the tens digit of j?
6
Suppose 5*q - 14 = 7*q. Let k(s) = -s**2 - 5*s + 8. Let n be k(q). What is the tens digit of (-78)/(-2) + 5 + n?
3
Suppose -x - 11221 = -3*n, -18746 = -4*n + 2*x - 3782. What is the hundreds digit of n?
7
Let g(u) = u + 1. Let n be (-13 + 1)*(-9)/12. Let h = 9 - n. What is the units digit of g(h)?
1
What is the units digit of ((3 + 0)*1)/(3/242)?
2
What is the tens digit of (-1)/(92304/(-13185) - -7)?
6
What is the tens digit of -1*((-8 - 62) + 2)?
6
Suppose -2*r + 3213 = 5*i, 4803 = 3*r + 168*i - 166*i. What is the thousands digit of r?
1
Suppose -25*c + 31611 = 8861. What is the tens digit of c?
1
Let l = 85 - 80. Let v(s) = s**2 - 5*s + 5. What is the units digit of v(l)?
5
Let j(r) be the first derivative of r**4/4 + 11*r**3/3 - 15*r**2/2 - 8*r + 20. Suppose 3*d + 57 = -4*s, -s + 4*d + 24 = -2*s. What is the tens digit of j(s)?
2
Suppose -m = m + 4. Let t be 4 + m - 2 - 15. What is the units digit of 6*3/((-18)/t)?
5
Let f = -27 + 115. What is the units digit of f?
8
Let p(j) = 67*j**3 - j**2 - 47*j + 101. What is the tens digit of p(2)?
3
Let z be (2 - 32/2)*-1. Suppose -u - 4*y - z = u, 19 = -2*u - 5*y. Suppose 0 = x - u*x + 30. What is the units digit of x?
5
Suppose 9380 + 2060 = 8*d. What is the units digit of d?
0
Let l(n) = n**3 + 4*n**2 - 6*n - 5. Let h be l(-5). Suppose -4*d - 6 - 154 = h. What is the units digit of (-16)/d - 113/(-5)?
3
What is the tens digit of (-4)/7 - 20/490*-108451?
2
Let q(y) = -y**3 - 14*y**2 - 13*y. Let z be q(-13). Let v = z - -3. Suppose 2*j = v*j - 65. What is the units digit of j?
5
Let x be (-49)/(-21) - (-2)/3. Suppose -x*f + 96 = -f. What is the te